 prime?
False
Is 473 prime?
False
Is 25841 composite?
False
Is 81071 a prime number?
True
Is 590983 prime?
True
Is 167971 a prime number?
True
Is 217489 prime?
True
Is 23753 a prime number?
True
Is 2342173 composite?
False
Is 767229 a prime number?
False
Is 26351 composite?
True
Is 229715 composite?
True
Is 731033 composite?
False
Is 14081 a prime number?
True
Is 29039 prime?
False
Is 306239 a prime number?
True
Is 4003877 prime?
True
Is 47327 prime?
False
Is 24029 a prime number?
True
Is 22459 composite?
True
Is 162463 composite?
True
Is 56363 prime?
False
Is 677 a composite number?
False
Is 107563 prime?
True
Is 163549 prime?
False
Is 2935 composite?
True
Is 351193 prime?
False
Is 1455491 composite?
False
Is 22229 prime?
True
Is 16913 a prime number?
False
Is 18431 composite?
True
Is 17237 composite?
True
Is 59089 prime?
False
Is 53707 a prime number?
False
Is 338627 a composite number?
True
Is 3138167 a prime number?
True
Is 191897 a composite number?
True
Is 81511 a prime number?
False
Is 105071 a composite number?
False
Is 38113 a prime number?
True
Is 789 composite?
True
Is 298261 prime?
True
Is 2053127 composite?
False
Is 219641 a composite number?
True
Is 5581 a prime number?
True
Is 10301 a prime number?
True
Is 388501 prime?
False
Is 38393 a prime number?
True
Is 1162814 a composite number?
True
Is 2359 a composite number?
True
Is 86537 prime?
False
Is 533 a composite number?
True
Is 211 a composite number?
False
Is 2650897 a composite number?
False
Is 211 a prime number?
True
Is 142297 a composite number?
False
Is 10961 a prime number?
False
Is 4201 prime?
True
Is 369719 a composite number?
True
Is 30869 composite?
False
Is 155887 composite?
False
Is 90971 a prime number?
True
Is 4391 prime?
True
Is 911657 a composite number?
False
Is 1858595 a composite number?
True
Is 467087 composite?
True
Is 39361 composite?
True
Is 12667 a prime number?
False
Is 510857 a composite number?
True
Is 651643 prime?
False
Is 64513 prime?
True
Is 58 composite?
True
Is 27383 a prime number?
False
Is 1132377 a composite number?
True
Is 117471 a composite number?
True
Is 8509 composite?
True
Is 305 a composite number?
True
Is 95753 a prime number?
False
Is 625217 a composite number?
True
Is 421963 a prime number?
False
Is 18958 a composite number?
True
Is 89207 prime?
False
Is 45829 composite?
True
Is 146513 a prime number?
True
Is 13927 a prime number?
False
Is 1601947 composite?
True
Is 3907 composite?
False
Is 10849 a prime number?
False
Is 179981 a prime number?
True
Is 921 prime?
False
Is 1061 a prime number?
True
Is 117751 a prime number?
True
Is 52489 a composite number?
False
Is 33947 composite?
True
Is 4721 prime?
True
Is 279139 a composite number?
True
Is 1441 composite?
True
Is 3352795 composite?
True
Is 5057 a composite number?
True
Is 7087 composite?
True
Is 331685 a composite number?
True
Is 4253 composite?
False
Is 15877 a prime number?
True
Is 2019 a prime number?
False
Is 122443 a composite number?
False
Is 179791 prime?
False
Is 11189 a composite number?
True
Is 7817 a prime number?
True
Is 55649 a composite number?
True
Is 5147 a prime number?
True
Is 126829 a prime number?
False
Is 2543 a composite number?
False
Is 15629 a prime number?
True
Is 30454 a composite number?
True
Is 39649 composite?
True
Is 28699 composite?
True
Is 103307 prime?
True
Is 537841 prime?
True
Is 30035 a prime number?
False
Is 509 a prime number?
True
Is 2719 prime?
True
Is 270631 a composite number?
False
Is 30239 a composite number?
True
Is 27019 a prime number?
False
Is 487414 a prime number?
False
Is 7187 prime?
True
Is 1120459 composite?
False
Is 69461 composite?
True
Is 12687 a composite number?
True
Is 22343 a prime number?
True
Is 2317 a prime number?
False
Is 576073 a composite number?
True
Is 2609 prime?
True
Is 76507 a composite number?
False
Is 20609 prime?
False
Is 7131 composite?
True
Is 347099 composite?
False
Is 122345 a composite number?
True
Is 2302 composite?
True
Is 19949 a composite number?
False
Is 114371 a prime number?
True
Is 35051 a composite number?
False
Is 123307 a prime number?
True
Is 97401 a prime number?
False
Is 5953 composite?
False
Is 20053 prime?
False
Is 9413 prime?
True
Is 37483 a composite number?
False
Is 27253 prime?
True
Is 666493 a composite number?
False
Is 9839 a composite number?
False
Is 403483 a prime number?
True
Is 2321 a prime number?
False
Is 149599 prime?
False
Is 86539 composite?
False
Is 9677 composite?
False
Is 595729 composite?
True
Is 49142 composite?
True
Is 33107 composite?
False
Is 8653 prime?
False
Is 39643 a prime number?
False
Is 122 a composite number?
True
Is 20063 a composite number?
False
Is 17087 a composite number?
True
Is 1263 a composite number?
True
Is 17957 composite?
False
Is 130423 a prime number?
True
Is 2155711 a composite number?
False
Is 259282 a composite number?
True
Is 183373 composite?
False
Is 2105987 composite?
True
Is 960565 a composite number?
True
Is 107827 a prime number?
True
Is 5603 composite?
True
Is 33461 a prime number?
True
Is 23221 a prime number?
False
Is 1418551 a prime number?
True
Is 36889 a prime number?
False
Is 170479 composite?
True
Is 19289 prime?
True
Is 217417 composite?
True
Is 251659 a composite number?
True
Is 111151 composite?
True
Is 8251 a prime number?
False
Is 5209 composite?
False
Is 39194 a composite number?
True
Is 42134 a prime number?
False
Is 328397 a prime number?
True
Is 18017 composite?
True
Is 68461 composite?
True
Is 2999 a prime number?
True
Is 28051 a prime number?
True
Is 5779 a prime number?
True
Is 7751 composite?
True
Is 166983 composite?
True
Is 432067 a prime number?
True
Is 105227 prime?
True
Is 506947 composite?
True
Is 3090587 composite?
False
Is 2751953 composite?
False
Is 161969 a prime number?
True
Is 22702 a composite number?
True
Is 181661 composite?
True
Is 614242 a prime number?
False
Is 1171771 a prime number?
True
Is 270971 prime?
False
Is 2081 composite?
False
Is 81709 a composite number?
True
Is 5167 composite?
False
Is 514001 a prime number?
True
Is 10399 composite?
False
Is 1465 prime?
False
Is 105629 prime?
False
Is 180907 prime?
True
Is 54799 composite?
False
Is 791681 prime?
False
Is 13 a composite number?
False
Is 10007 a prime number?
True
Is 14158 a composite number?
True
Is 950414 composite?
True
Is 259577 a prime number?
True
Is 116077 prime?
False
Is 3949 prime?
False
Is 35339 a composite number?
False
Is 480979 a prime number?
True
Is 683899 composite?
False
Is 6761 composite?
False
Is 187757 a composite number?
True
Is 2333 a composite number?
False
Is 62329 a composite number?
True
Is 6593 composite?
True
Is 3641 a prime number?
False
Is 11903 a prime number?
True
Is 4415 a prime number?
False
Is 845683 composite?
False
Is 21839 a composite number?
False
Is 418315 composite?
True
Is 1483711 composite?
False
Is 13571 composite?
True
Is 1642 composite?
True
Is 3306701 composite?
False
Is 164357 composite?
False
Is 68329 prime?
True
Is 217129 a prime number?
False
Is 321877 composite?
True
Is 39341 prime?
True
Is 80851 composite?
True
Is 2503 a composite number?
False
Is 22405 composite?
True
Is 2099 prime?
True
Is 36619 prime?
False
Is 699 a composite number?
True
Is 70289 a prime number?
True
Is 72305 a prime number?
False
Is 404714 prime?
False
Is 44327 a composite number?
True
Is 7241 a composite number?
True
Is 6421 a prime number?
True
Is 42787 composite?
False
Is 2688611 a prime number?
True
Is 4077361 a composite number?
False
Is 529753 prime?
False
Is 415627 a prime number?
True
Is 281821 a prime number?
False
Is 844754 composite?
True
Is 23599 a prime number?
True
Is 4861 a prime number?
True
Is 31463 a prime number?
False
Is 9661 a composite number?
False
Is 117643 a composite number?
False
Is 737623 a composite number?
True
Is 35291 a composite number?
False
Is 673 a prime number?
True
Is 19831 prime?
False
Is 1320541 prime?
True
Is 539837 a composite number?
False
Is 30727 a prime number?
True
Is 1113013 prime?
False
Is 448765 a prime number?
False
Is 110119 prime?
True
Is 50709 prime?
False
Is 193903 a composite number?
True
Is 20051 a composite number?
False
Is 312751 a composite number?
True
Is 23599 a prime number?
True
Is 382327 a composite number?
True
Is 1094253 a prime number?
